1219
Calculate the greatest common factor of 53542692 and 7112.
3556
Calculate the greatest common divisor of 171 and 138771.
9
What is the highest common factor of 2140 and 1746820?
20
What is the highest common factor of 8531703 and 323?
19
What is the greatest common divisor of 50536160 and 160?
160
What is the highest common divisor of 709 and 27528343?
709
Calculate the greatest common factor of 422273 and 4525.
181
What is the greatest common factor of 35675585 and 814?
407
What is the greatest common factor of 2506644 and 45936?
1044
What is the highest common factor of 1997916 and 92?
4
Calculate the greatest common factor of 7096023 and 1603.
229
What is the highest common factor of 194 and 264258264?
194
Calculate the highest common divisor of 13597638 and 6952.
158
What is the highest common divisor of 9846900 and 600?
300
What is the highest common factor of 1425 and 341373?
57
What is the greatest common factor of 29106370 and 10?
10
Calculate the greatest common factor of 19708 and 856024.
52
What is the greatest common divisor of 2855085 and 30?
15
Calculate the highest common divisor of 175198590 and 1695.
1695
Calculate the greatest common factor of 13650917 and 28.
7
What is the highest common divisor of 1946224452 and 908?
908
Calculate the highest common factor of 36 and 27987642.
18
Calculate the highest common divisor of 1350 and 553982850.
450
What is the highest common factor of 523 and 29108088?
523
What is the greatest common divisor of 5870 and 722822995?
2935
Calculate the highest common factor of 20629 and 3350179.
49
Calculate the greatest common divisor of 85 and 42701875.
85
What is the highest common divisor of 650 and 296592998?
26
What is the highest common divisor of 31498299 and 117?
9
Calculate the highest common factor of 8264936 and 9864.
1096
Calculate the highest common factor of 53909 and 5110921.
1739
Calculate the highest common factor of 4160 and 1770470.
130
Calculate the highest common divisor of 58714722 and 414.
414
Calculate the highest common divisor of 1159 and 32890235.
19
Calculate the greatest common factor of 54445511 and 3.
1
Calculate the highest common factor of 75 and 78028575.
75
What is the greatest common divisor of 852 and 4581914?
142
Calculate the greatest common factor of 37128114 and 3.
3
What is the highest common divisor of 78 and 5311722?
78
Calculate the greatest common divisor of 308 and 43521808.
44
What is the greatest common divisor of 12322794 and 1452?
66
What is the greatest common divisor of 188225 and 775?
25
What is the highest common divisor of 12094603 and 173?
173
Calculate the highest common divisor of 656723191 and 5419.
5419
What is the highest common divisor of 35 and 1698440?
5
Calculate the highest common divisor of 4140556 and 3182.
86
What is the highest common factor of 4300590 and 18900?
210
Calculate the greatest common divisor of 938630 and 5632.
22
Calculate the greatest common divisor of 2092231392 and 1272.
1272
What is the highest common factor of 691491 and 31800?
159
Calculate the highest common divisor of 396644 and 11533.
19
What is the greatest common divisor of 71720064 and 54?
18
What is the greatest common factor of 31 and 36038833?
31
Calculate the highest common factor of 302502505 and 170.
85
What is the greatest common factor of 8314 and 202?
2
Calculate the greatest common factor of 9512 and 53128.
232
What is the greatest common factor of 186696 and 13320?
72
What is the greatest common factor of 12168 and 61806?
6
Calculate the highest common factor of 986 and 1880911.
29
Calculate the highest common factor of 274359905 and 41.
41
Calculate the greatest common factor of 624 and 28793424.
48
What is the highest common divisor of 2601353 and 15109?
521
What is the greatest common factor of 475775256 and 9960?
1992
Calculate the greatest common factor of 1972440 and 540.
180
Calculate the highest common divisor of 2818260 and 96.
12
What is the greatest common factor of 33008416 and 26262?
2918
Calculate the highest common factor of 1884 and 16309317.
471
Calculate the greatest common factor of 987528 and 20424.
552
What is the highest common factor of 316 and 5413554?
158
Calculate the greatest common divisor of 12846 and 228768.
6
Calculate the highest common divisor of 3244578 and 87.
87
Calculate the highest common factor of 1095 and 267545.
365
What is the highest common factor of 665 and 25968155?
95
Calculate the highest common divisor of 153 and 6135.
3
What is the greatest common factor of 368467 and 225131?
779
Calculate the highest common divisor of 10858257 and 2907.
153
What is the highest common factor of 3662494 and 6010?
1202
What is the greatest common factor of 11347506 and 108?
54
What is the highest common factor of 166 and 4463989?
83
Calculate the greatest common factor of 2967995 and 48675.
295
What is the highest common divisor of 1987948 and 35208?
652
Calculate the highest common factor of 522946 and 171580.
746
What is the highest common divisor of 81661419 and 7?
7
Calculate the greatest common divisor of 9696 and 2200689.
303
Calculate the highest common factor of 616515 and 2385.
15
Calculate the greatest common factor of 13 and 3425383.
13
What is the greatest common divisor of 125892 and 309081?
807
What is the highest common factor of 39655552 and 6608?
944
Calculate the greatest common divisor of 66319 and 55.
11
What is the greatest common divisor of 36382 and 1412?
2
What is the greatest common factor of 30600 and 97590200?
3400
Calculate the greatest common factor of 183750 and 31458.
294
Calculate the highest common factor of 5 and 123862160.
5
What is the highest common factor of 2287161 and 63?
9
What is the greatest common factor of 35005010 and 7620?
1270
What is the highest common factor of 1832417 and 57?
19
What is the greatest common divisor of 1621 and 154884929?
1621
Calculate the highest common divisor of 55482 and 36225.
21
What is the greatest common divisor of 19438510 and 80?
10
What is the highest common divisor of 782 and 790694?
46
What is the highest common factor of 12118204 and 84?
28
Calculate the greatest common divisor of 1302326730 and 6390.
6390
What is the greatest common divisor of 54709047 and 47601?
1107
What is the greatest common divisor of 2898 and 481114?
46
What is the greatest common divisor of 42789 and 18207?
51
Calculate the highest common factor of 61 and 9954.
1
What is the highest common factor of 323 and 2134403?
19
Calculate the greatest common divisor of 8451 and 53667.
9
Calculate the greatest common factor of 30684927 and 117.
39
Calculate the highest common divisor of 2515681 and 279.
31
What is the greatest common divisor of 48972819 and 1428?
21
Calculate the greatest common divisor of 27168 and 15936.
96
What is the greatest common factor of 50628243 and 1591?
43
What is the highest common divisor of 286992 and 170172?
36
Calculate the highest common divisor of 2140 and 301312.
428
What is the greatest common factor of 120741 and 11581617?
501
Calculate the greatest common divisor of 73542 and 4539.
51
Calculate the greatest common factor of 91910 and 178045.
35
What is the greatest common factor of 192926 and 27?
1
What is the highest common factor of 3769786 and 10742?
82
What is the highest common factor of 1078 and 793958?
22
What is the highest common factor of 3197 and 150236?
23
What is the highest common divisor of 1408428 and 945?
189
Calculate the greatest common factor of 148132229 and 434.
217
What is the greatest common factor of 16 and 1307018?
2
Calculate the highest common divisor of 26363310 and 12.
6
What is the highest common divisor of 70144 and 10?
2
Calculate the highest common divisor of 2548 and 225394.
26
Calculate the highest common factor of 248751 and 3332367.
2241
Calculate the greatest common divisor of 465834 and 2754.
102
What is the highest common factor of 7370 and 56309748?
1474
What is the greatest common factor of 17826396 and 27084?
732
Calculate the highest common divisor of 335601 and 12176.
761
Calculate the greatest common divisor of 25784752 and 126.
14
What is the highest common factor of 3788 and 2007920312?
3788
What is the highest common divisor of 348 and 15478576?
116
Calculate the greatest 